+ 1). Let t be u + 1 + 0 + 207 - 1. Let n = t - 127. What are the prime factors of n?
2, 3, 13
Let b(k) = -4*k**3 - 19*k**2 - 19*k - 28. List the prime factors of b(-16).
2, 3, 983
Suppose 64228 = 5*o - 3*p, -458*p - 51386 = -4*o - 455*p. List the prime factors of o.
2, 6421
Let b(a) be the third derivative of -19*a**5/60 - 5*a**4/24 - 2*a**3/3 + 24*a**2. Let o(u) be the first derivative of b(u). What are the prime factors of o(-1)?
3, 11
Suppose -180 = -r + 3*b + 191, r - 2*b - 374 = 0. Suppose i = -3*i + r. Suppose 6*d + i = 7*d. List the prime factors of d.
5, 19
Let z = 2360 + 10818. List the prime factors of z.
2, 11, 599
Let f(g) = -g**3 + g**2 + 16*g - 10. Let k be f(5). List the prime factors of 160/k*249/(-2).
2, 83
Let u(t) = t**3 - 8*t**2 - 24*t - 3. Let v be u(-3). What are the prime factors of (-57550)/v - (-2)/(-6) - -4?
2, 31
Suppose -2*x + 21*i + 4566 = 18*i, 20 = -5*i. List the prime factors of x.
3, 11, 23
Suppose 18148 = 5*l + 25*c - 27*c, 7*c = 42. What are the prime factors of l?
2, 227
Suppose -2726 = -4*a + 4770. Suppose -14*p + a = -30. List the prime factors of p.
2, 17
Let t be ((-3)/2)/1*(-24)/3. Let p = 15 - t. Suppose p*u + 290 = 2*n - u, -2 = -u. What are the prime factors of n?
149
Let c(r) be the second derivative of -r**5/10 + r**4/2 - r**3/3 + 3*r**2/2 + 18*r. Let u be c(6). Let v = -160 - u. List the prime factors of v.
5, 13
Let x be (-6)/(-4)*(-59 + 271). Suppose -3 = d - 65. Suppose x = 5*s - d. What are the prime factors of s?
2, 19
Let t(m) = 1114*m**2 + 239*m - 1158. List the prime factors of t(5).
79, 353
Let h = 40216 + -28161. List the prime factors of h.
5, 2411
Let j(r) = -8*r - 46. Suppose -37 = 2*g - 23. Let w be j(g). Suppose w*l + 234 = 2644. What are the prime factors of l?
241
Let d = 3574 - -8313. List the prime factors of d.
11887
Let d(z) = 8*z**2 + 5*z - 1220. What are the prime factors of d(27)?
47, 101
Let h be 0 + 0*(-5)/30. Suppose 27*j = 31*j + q - 1920, h = 4*q - 16. List the prime factors of j.
479
Let d(x) = -38*x - 65. Let z be d(-2). Let p(o) = -o - 10. Let h be p(-12). Suppose 5*m - z*n = -6*n + 150, n + 64 = h*m. What are the prime factors of m?
2, 17
Let u be 9/6 + 5/(-10). Suppose 5*q + 10 = -3*f + 37, -2*f - u = -3*q. Suppose -q*y + 18 = -33. List the prime factors of y.
17
Let b be 47*(1 + (3 - 3)). Suppose -2*s + 2*r = -222, -s + 131 = -43*r + b*r. What are the prime factors of s?
5, 23
Suppose -4*r - 2 = 2*f - 8, -3*f + r + 16 = 0. Suppose -o - 3*o + 1588 = f*h, 5*h + 1226 = 3*o. List the prime factors of o.
2, 3, 67
Suppose 18 = 2*u + 4*j, 3*j + 25 = -2*u + 6*u. Let r(p) = -39 + 3*p + 15*p - 3*p - u*p. What are the prime factors of r(15)?
3
Suppose p = 20492 + 4591. List the prime factors of p.
3, 929
Suppose -6*o + 3*o - 4*f + 2020 = 0, -4*f - 652 = -o. Let z = 176 + o. List the prime factors of z.
2, 211
Let l(q) = -4*q + 44. Let j be l(13). What are the prime factors of 106 - (2 - j/10*-5)?
2, 3
Let a = -1316 - -881. Let d = -113 - a. List the prime factors of d.
2, 7, 23
What are the prime factors of ((-301)/21 + 11)*25497*(-4)/20?
2, 3, 2833
Let v(a) = -a**3 - 6*a**2 + 38*a - 23. Let p be v(-10). Let d(n) = -94*n - 7. What are the prime factors of d(p)?
5, 11
Let p = 763 + -491. Let t = p - 107. Suppose -o = t - 179. What are the prime factors of o?
2, 7
Suppose 22575 + 1361 = 17*h. Let a = -589 + h. List the prime factors of a.
3, 7, 13
Let g = -11 - -29. Let p be (-105)/(-33) + g/(-99). Suppose -3*k = -6*k + 9, -2*d - p*k = -85. What are the prime factors of d?
2, 19
Suppose 0 = -21*z + 666608 + 621763. What are the prime factors of z?
19, 3229
Let o(c) = c**2 + c - 1. Let p(i) = 7*i**2 + 2*i - 1. Let h(m) = -6*o(m) + p(m). Let u be h(5). Suppose -u*z + 684 = -6*z. What are the prime factors of z?
3, 19
Suppose -3*n + k - 1089 + 45696 = 0, -5*n + 74345 = -4*k. What are the prime factors of n?
14869
Let z(h) = -h**2 + 14*h - 11. Let t be z(12). Let d(n) = n**3 - 12*n**2 + 9. What are the prime factors of d(t)?
2, 89
Let c be 5 + (-2)/2 + -25 + 24. Let i be c*1/2*(-39872)/(-96). Suppose 5*v = 2*d - 344, 21 = 4*d + v - i. What are the prime factors of d?
2, 3
Let j(m) = -89*m - 686. List the prime factors of j(-47).
13, 269
Let h = 63287 - 32807. Suppose 37*g = -3322 + h. What are the prime factors of g?
2, 367
Suppose 7*s + l = 4*s + 1153, 2*l = -3*s + 1148. Suppose 2*d = s + 40. What are the prime factors of d?
3, 71
Let b(n) = 50*n + 11. Let s(w) = -17*w - 4. Let i(h) = 2*h - 2. Let m be i(4). Let c(x) = m*b(x) + 17*s(x). What are the prime factors of c(1)?
3
Let x(o) = o**3 + 21*o**2 + 42*o + 118. List the prime factors of x(-15).
2, 419
Let b(u) = 913*u - 19. Let m be b(3). Suppose -22*f = -30*f + m. What are the prime factors of f?
2, 5, 17
Suppose 18 - 2 = 4*m, -5*m = -3*f + 38605. Suppose -4*g + f = 21*g. What are the prime factors of g?
5, 103
Let q(b) = 228*b**3 - 5*b - 6. Let n be (0 - (8 - 2)) + 5. Let h be q(n). Let s = -130 - h. What are the prime factors of s?
3, 11
Let s = 848 + 1193. Suppose -3*j + s = 787. List the prime factors of j.
2, 11, 19
Let p = 140 + -245. Let i = 149 - p. List the prime factors of i.
2, 127
Let g be 13*11 - (-5)/(-5). Suppose 0 = 3*i + 2 + 7, 0 = 4*c - 2*i - 26. Suppose -c*o = -23 - g. What are the prime factors of o?
3, 11
Let h be -2 - (2 + (-2 - -2 - 0)). Let o be (1 - 3 - h)/(8/12). Suppose 5*q + t = 5, -4*q + o = t - 0. What are the prime factors of q?
2
Let l(o) = 8*o - 3. Let n = 116 + -64. Let m = 58 - n. List the prime factors of l(m).
3, 5
Let r = -19298 + 44015. List the prime factors of r.
3, 7, 11, 107
Let t(w) = -2*w**3 + 18*w**2 - 5*w - 9. Suppose 4*a + 3*v - 7*v - 8 = 0, 2*v = 10. What are the prime factors of t(a)?
2, 19
Let o(c) = -c**3 - 70*c**2 - 148*c - 720. List the prime factors of o(-68).
2, 3
Let g(q) = -11*q**3 + 74*q**2 + 70*q - 16. Let n(w) = 4*w**3 - 25*w**2 - 23*w + 5. Let x(o) = 3*g(o) + 8*n(o). List the prime factors of x(22).
2, 3, 47
Let c = -64 + 69. Let q(a) = -23*a + 19 - 45*a + c*a. List the prime factors of q(-2).
5, 29
Let l(n) = -2*n**2 + 32*n + 6. Let k be l(18). Suppose -v - 4*a + 7*a = 180, -3*a = -4*v - 693. Let i = k - v. What are the prime factors of i?
3, 5, 7
Let d(h) = -32*h - 47. Let p(q) = -16*q - 23. Let j(f) = 3*d(f) - 5*p(f). What are the prime factors of j(-18)?
2, 131
What are the prime factors of 2648*12 + 76/285 + (-136)/60?
2, 15887
Suppose -586 = -6*u + 1472. Suppose -1156 = -3*i - u. List the prime factors of i.
271
Let s(q) be the first derivative of -q**4/2 + q**3 - 3*q**2/2 - 4*q + 26. Let k be s(3). What are the prime factors of (-33*3/(-6))/((-6)/k)?
2, 5, 11
Suppose -8*g + 5317 + 35659 = 0. What are the prime factors of g?
2, 13, 197
Suppose 31020 = -5*g - 5710 + 222345. What are the prime factors of g?
37123
Suppose 5*t - f - 11 = -15, -2*t + 5*f - 20 = 0. Let w = 4 + -3. List the prime factors of 56 + t + (3 - -1 - w).
59
Let h = -12111 - -18402. What are the prime factors of h?
3, 233
Suppose 0 = -2*w + l - 43, -5*l = 9*w - 5*w + 107. What are the prime factors of -1*3 + w/((-92)/2936)?
17, 43
Let p(r) = -r**3 + 15*r**2 - 22*r + 22. Suppose -4*y - 6*d + 24 = -10*d, d - 14 = -y. List the prime factors of p(y).
2, 151
Let g = 15129 - -56723. What are the prime factors of g?
2, 11, 23, 71
Suppose -g - 16 = 4*o, 2*g + 2 = 3*o + 3. List the prime factors of 6 - ((-9 - g) + 8).
3
Let d(x) = -x**3 - 3*x**2 - x - 2. Let o be d(-3). Let t be (5 - 7)/(o/11). List the prime factors of (-600)/(-33) - (-4)/t.
2, 3
Let g(q) = -5*q - 23 - 23 + 51. Let u be g(-6). What are the prime factors of 1690/u - (-1 - (-18)/14)?
2, 3
Let x = -1710 + 2599. Let b = x - 481. List the prime factors of b.
2, 3, 17
Suppose 32*h = 29*h + 12. Suppose h*o + 5*j = 249, 5*o + 0*j = -3*j + 295. What are the prime factors of o?
2, 7
What are the prime factors of (275852/6)/2 - (-37)/(333/(-6))?
127, 181
Let i(g) = -28*g**3 - g**2 + 1. Let v be i(1). Let u = v - -28. Suppose 0 = 3*d, 3*d = 3*h - u*h - 48. List the prime factors of h.
2
Let s(q) = 4*q - 26. Let p = -61 - -68. Let u be s(p). Suppose 5*d - u*v + 5*v - 168 = 0, -3*d + 3*v = -96. What are the prime factors of d?
3, 11
Let u = -209 + 210. List the prime factors of (8878/(-46))/(-1 - (1 - u)).
193
Let u(x) = -8 - x + x**3 + x +